{"id":15,"date":"2017-09-22T11:32:14","date_gmt":"2017-09-22T11:32:14","guid":{"rendered":"http:\/\/liwonet.ch\/cmsfgz\/?page_id=15"},"modified":"2025-11-21T05:51:34","modified_gmt":"2025-11-21T04:51:34","slug":"home","status":"publish","type":"page","link":"https:\/\/www.fgziefen.ch\/","title":{"rendered":"Home"},"content":{"rendered":"<h1><img loading=\"lazy\" decoding=\"async\" class=\"alignnone wp-image-1351\" src=\"https:\/\/www.fgziefen.ch\/wp-content\/uploads\/2025\/11\/ebill-logo-bluewhite-RGB-300x300.png\" alt=\"\" width=\"114\" height=\"114\" srcset=\"https:\/\/www.fgziefen.ch\/wp-content\/uploads\/2025\/11\/ebill-logo-bluewhite-RGB-300x300.png 300w, https:\/\/www.fgziefen.ch\/wp-content\/uploads\/2025\/11\/ebill-logo-bluewhite-RGB-1024x1024.png 1024w, https:\/\/www.fgziefen.ch\/wp-content\/uploads\/2025\/11\/ebill-logo-bluewhite-RGB-150x150.png 150w, https:\/\/www.fgziefen.ch\/wp-content\/uploads\/2025\/11\/ebill-logo-bluewhite-RGB-768x768.png 768w, https:\/\/www.fgziefen.ch\/wp-content\/uploads\/2025\/11\/ebill-logo-bluewhite-RGB-100x100.png 100w, https:\/\/www.fgziefen.ch\/wp-content\/uploads\/2025\/11\/ebill-logo-bluewhite-RGB.png 1181w\" sizes=\"auto, (max-width: 114px) 100vw, 114px\" \/><a href=\"https:\/\/www.fgziefen.ch\/wp-content\/uploads\/2025\/11\/ebill-quickguide-2023-de.pdf\" target=\"_blank\" rel=\"noopener\">Anleitung Rechnung via eBill<\/a><\/h1>\n<h1><a href=\"https:\/\/forms.office.com\/e\/8wNAvtvMGu\" target=\"_blank\" rel=\"noopener\"><b>Direkt hier: Anmeldung zur E-Mail Rechnung<\/b><\/a><\/h1>\n<p>&nbsp;<\/p>\n<h1><strong><a href=\"https:\/\/www.breitband.ch\/private\/internet\" target=\"_blank\" rel=\"noopener\">Superschnelles Internet bis zu 1Gbit\/s fl\u00e4chendeckend in ganz Ziefen.<\/a><br \/>\n<\/strong>Verf\u00fcgbar f\u00fcr alle angeschlossenen Liegenschaften.<\/h1>\n","protected":false},"excerpt":{"rendered":"<p>Anleitung Rechnung via eBill Direkt hier: Anmeldung zur E-Mail Rechnung &nbsp; Superschnelles Internet bis zu 1Gbit\/s fl\u00e4chendeckend in ganz Ziefen. Verf\u00fcgbar f\u00fcr alle angeschlossenen Liegenschaften.<\/p>\n","protected":false},"author":1,"featured_media":0,"parent":0,"menu_order":0,"comment_status":"closed","ping_status":"closed","template":"","meta":{"footnotes":""},"class_list":["post-15","page","type-page","status-publish","hentry"],"_links":{"self":[{"href":"https:\/\/www.fgziefen.ch\/index.php?rest_route=\/wp\/v2\/pages\/15","targetHints":{"allow":["GET"]}}],"collection":[{"href":"https:\/\/www.fgziefen.ch\/index.php?rest_route=\/wp\/v2\/pages"}],"about":[{"href":"https:\/\/www.fgziefen.ch\/index.php?rest_route=\/wp\/v2\/types\/page"}],"author":[{"embeddable":true,"href":"https:\/\/www.fgziefen.ch\/index.php?rest_route=\/wp\/v2\/users\/1"}],"replies":[{"embeddable":true,"href":"https:\/\/www.fgziefen.ch\/index.php?rest_route=%2Fwp%2Fv2%2Fcomments&post=15"}],"version-history":[{"count":121,"href":"https:\/\/www.fgziefen.ch\/index.php?rest_route=\/wp\/v2\/pages\/15\/revisions"}],"predecessor-version":[{"id":1354,"href":"https:\/\/www.fgziefen.ch\/index.php?rest_route=\/wp\/v2\/pages\/15\/revisions\/1354"}],"wp:attachment":[{"href":"https:\/\/www.fgziefen.ch\/index.php?rest_route=%2Fwp%2Fv2%2Fmedia&parent=15"}],"curies":[{"name":"wp","href":"https:\/\/api.w.org\/{rel}","templated":true}]}}